e -z*n = -107 - 55. List the prime factors of n.
3
Let c(z) = -134*z + 1210. List the prime factors of c(-26).
2, 2347
Let f(s) = s**3 - s**2 - s + 445. Let y be f(0). Suppose y = 21*o - 16*o. Suppose -h - 369 = -2*d - o, 0 = -d + h + 139. What are the prime factors of d?
3, 47
Let w = 57766 - 31399. List the prime factors of w.
3, 11, 17, 47
Let f = 16787 - 3644. List the prime factors of f.
3, 13, 337
Let w = 331 + -322. Let i(q) = 2*q + 144. List the prime factors of i(w).
2, 3
Let p(r) be the first derivative of -r**7/840 - r**6/45 - r**4/4 - 6*r**3 - 15. Let w(k) be the third derivative of p(k). What are the prime factors of w(-9)?
3, 5
Let w(r) = 23*r**2 + 191*r + 1064. What are the prime factors of w(-59)?
2, 3, 3881
Let b(y) = y**3 + 53*y**2 + 66*y - 144. What are the prime factors of b(-46)?
2, 727
Suppose 3*d - 26 + 92 = 0. Let m = 441 + -364. Let g = m + d. List the prime factors of g.
5, 11
Let z = 132 - -248. Let p = 674 - z. List the prime factors of p.
2, 3, 7
Let b be (-158)/16 - (-11)/(-88). Let u(j) = -j**3 - 10*j**2 - 18*j - 22. List the prime factors of u(b).
2, 79
Let w(r) = -4*r**3 + 4*r**2 + r + 8. Let s be w(-4). Let t = 461 - s. Suppose -4*a + t + 235 = 0. List the prime factors of a.
3, 31
What are the prime factors of 4*((-2407)/(-22) - (-38)/418)?
2, 3, 73
Let t = 15678 - 6999. What are the prime factors of t?
3, 11, 263
Let p(c) = 98*c**2 - 34*c - 196. List the prime factors of p(-9).
2, 503
Let o(d) be the third derivative of -d**6/60 + 11*d**5/12 - 5*d**4/12 - 3*d**3/2 - 248*d**2. What are the prime factors of o(26)?
1759
Let h(u) be the third derivative of -u**4/4 + 2*u**3 - u**2. Let t = -4752 - -4743. List the prime factors of h(t).
2, 3, 11
Suppose 6*i - 12324 + 198 = 0. What are the prime factors of i?
43, 47
Let w(u) = -6160*u - 3418. What are the prime factors of w(-4)?
2, 3, 131
Suppose 0 = 2*c + 2*f - 5*f - 9009, -c - f = -4512. List the prime factors of c.
3, 167
Let x be (-1)/2*(-6)/3. Let l(u) = 65*u - 1. Let c be l(x). What are the prime factors of (c/(-40))/((-2)/45)?
2, 3
Suppose 2*p - 5*p = 2*l, -5*l = 3*p. Suppose l = -11*b + 7181 - 2495. List the prime factors of b.
2, 3, 71
Let r(f) = f**3 + 27*f**2 + 5*f. Let v be r(-8). Let q = v - 765. What are the prime factors of q?
3, 137
Let c(z) = 856*z - 6. Let x(s) = 171*s - 1. Let g(f) = 3*c(f) - 16*x(f). List the prime factors of g(-2).
2, 167
Let h(f) = -f**3 - 10*f**2 - 12*f - 17. Let d be h(-10). Let w = -86 + d. Suppose 8*y = w + 359. List the prime factors of y.
47
Suppose -5*g + l + 4308 = -l, -2*g = 3*l - 1708. Let x = g + -298. List the prime factors of x.
2, 281
Suppose a + 45 = 3*v - 67, 3*v - 96 = -3*a. Suppose 0 = -v*z + 11756 - 1712. List the prime factors of z.
3, 31
Let j(y) = -y**2 + 3*y + 61. Suppose 20 = -5*p, 98 = -2*n - 2*p - 26. Let c = n - -58. List the prime factors of j(c).
61
Suppose 5*s + 3*c - 227497 = 0, 3*s + 733 - 137230 = -3*c. List the prime factors of s.
2, 5, 7, 13
Let w(z) = -z**3 + 3*z + 1. Let u be w(-2). Suppose 68 = u*h - 28. Suppose -2*d + 362 - h = 0. What are the prime factors of d?
3, 5, 11
Let x = -50 - -86. Suppose -966 = -x*a + 35*a. Suppose -a = -13*q + 7*q. What are the prime factors of q?
7, 23
Suppose 4*y + 126 = 2*g - 18, -4*g = 2*y + 72. Let p be (9/y)/((-2)/824). Suppose 28 = n - p. What are the prime factors of n?
131
Suppose y + 1 = -2*y - 4*d, d = y - 9. Suppose 0*q = -y*q + 3570. Suppose 2*b - 2*x - 366 = 0, -x = 4*b + x - q. List the prime factors of b.
2, 3, 5
Let h be -3 + 189/15 - (-2)/5. Let a be (-3)/(60/(-7808)) + (-4)/h. Suppose -5*d + a = 45. What are the prime factors of d?
3, 23
Suppose -6*d + 5*d + 64950 = 9*d. What are the prime factors of d?
3, 5, 433
Suppose -4*k + 96 = -k. Suppose 0 = -5*a - 5*m + 2*m + k, 4 = 5*a - 4*m. Suppose 526 = 5*l - 3*n + 62, 4*l - 376 = a*n. List the prime factors of l.
7, 13
Let l be (79/(-158))/(1/(-10)). Suppose -4*p + 5608 = -30*b + 34*b, l*b = 3*p + 7026. What are the prime factors of b?
2, 3, 13
Suppose -f + 3929 = -1193. Suppose 3*x + 11*s = 12*s + f, -2*s + 5119 = 3*x. What are the prime factors of x?
3, 569
What are the prime factors of 5*(4*-1 + 48/(-64)*-1812)?
5, 271
Let y = -8604 - -25644. Suppose -9*u + y - 1803 = 0. List the prime factors of u.
1693
Let l be (42/(-24))/(1/(-24)). Suppose -12*v + l - 18 = 0. Let j(p) = 21*p**2 - 2*p + 3. List the prime factors of j(v).
83
Suppose 4*a = -8, 19*o - 17*o = 5*a + 77242. What are the prime factors of 76/(-570) + o/45?
2, 3, 11, 13
Let x be 2/(-6) + ((-30)/(-9) - 3). Suppose 0*b + 416 = q + b, 2*q - 3*b - 847 = x. List the prime factors of q.
419
Let x be (-34)/(-51)*-10*(-3)/(-4). Let g(o) = -14*o - 50. List the prime factors of g(x).
2, 5
Let a(j) = 14*j**2 + 108*j + 107. List the prime factors of a(-34).
12619
Suppose -53872 = 5*k - 315522. What are the prime factors of k?
2, 5, 5233
Let r = -3920 - -5516. Let y = r - 709. List the prime factors of y.
887
Let c be (-3*(-1)/3)/(2/8). Suppose 0 = -5*p + c*u + 41, 3*p + 0*u = 2*u + 23. Suppose j = 2*i + 137, -p*j - i = -0*i - 740. List the prime factors of j.
3, 7
Let u(m) be the second derivative of -m**4/12 + m**3 + 2*m**2 + 3*m. Let s be u(6). Suppose s*b - 3*t = 128, -4*b + 160 = b + t. List the prime factors of b.
2
Let q(c) be the third derivative of -5*c**4/4 - 3*c**3/2 - 9*c**2. Let b(l) = -89*l - 26. Let g(f) = 4*b(f) - 11*q(f). What are the prime factors of g(-2)?
47
Suppose -30*w = 4021 - 1141. Suppose 4*x - 688 = -5*j, -j + 6*j = -3*x + 516. Let f = x + w. List the prime factors of f.
2, 19
Suppose 24 = -4*v + 16. List the prime factors of (4/(-8) - v)/(3/328).
2, 41
Let z = -18822 + 27434. List the prime factors of z.
2, 2153
Let h be -5 - (-3 + -4)*1. Suppose 0 = -11*r + h*r + 4725. List the prime factors of r.
3, 5, 7
Let d = -4391 + 9522. Suppose 11*t - 215 - d = 0. What are the prime factors of t?
2, 3
Let d be (2/(-12)*-2)/(22/18678). Let g = d + 445. List the prime factors of g.
2, 7, 13
Suppose -w = -5*o + 3*o - 29488, -3*w = o - 88436. List the prime factors of w.
2, 5, 11, 67
Let h(i) = 2*i**3 + 26*i**2 - 20*i + 2. Suppose 3*q + 33 = -3*d, d + 3*q = 3 - 12. List the prime factors of h(d).
2, 5, 53
Let z = 1788 + -944. Let f = z + -214. List the prime factors of f.
2, 3, 5, 7
Let i(n) = 13035*n - 328. What are the prime factors of i(3)?
17, 2281
Let w(g) = -1335*g - 1477. What are the prime factors of w(-6)?
47, 139
Let w(q) = 13*q**3 - 3*q**2 + 12*q - 47. Let h be w(4). What are the prime factors of (-1)/(h*2/(-1569) + 1)?
3, 523
What are the prime factors of (217748/6)/(150/225)?
54437
List the prime factors of 85870*(2/8)/(410/656).
2, 31, 277
Suppose 33*a + 102 = -a. Let q(u) = -15*u**2 - 7*u - 12. Let n(p) = -p**2. Let v(s) = 2*n(s) - q(s). List the prime factors of v(a).
2, 3
Suppose 25*l - 13395 = 15*l + 84725. List the prime factors of l.
2, 11, 223
Suppose 63 = -15*u + 3. Let t(k) = -14*k**3 - 5*k**2 - 4*k - 2. List the prime factors of t(u).
2, 5, 83
Suppose 19*k - 97299 = 66709. List the prime factors of k.
2, 13, 83
Suppose 2*t + 2*t = 2*g + 36, 0 = 3*g. Suppose t = 2*a - a + 2*r, -5*a - 3*r + 66 = 0. Let v = a - -33. List the prime factors of v.
2, 3
Suppose -4*f = -2*t + 164, f = -3*t + 2*f + 246. Suppose -t*m - 18 = -84*m. List the prime factors of (-915)/10*(3 + (-33)/m).
61
Let b(x) = 14*x**2 - 16*x - 350. What are the prime factors of b(-55)?
2, 5, 67
Let g = 40 - 35. Suppose g*u - u = 136. Suppose 3*s = u + 11. What are the prime factors of s?
3, 5
Let a = 144 + -132. Suppose 4*j - 5*o = 3693, -a*j = -14*j - 4*o + 1840. What are the prime factors of j?
2, 461
Let p(i) = 221*i + 7 - 149*i - 126*i. Let b be p(-10). Suppose -r + b = 4*x, 3 = -0*r + r. What are the prime factors of x?
2, 17
Let z(v) = -v**3 + 3*v**2 + 3*v + 9. Let i be z(4). Let y(l) = 3*l - 11. Let f be y(i). Let d(k) = k**3 - 3*k**2 - k + 1. List the prime factors of d(f).
13
Suppose -19*z + 2*z - 187 = 0. Let o = -7 + 7. List the prime factors of (-7 - z) + (178 - o).
2, 7, 13
Let g be 3 - (0/((-12)/4) + 4). Let z be (15/6)/(g/2). List the prime factors of ((-72)/14)/(z/35).
2, 3
Suppose 2*l + 11389 = 4*y + 1979, 11761 = 5*y - 2*l. Suppose -7*b + 10849 = y. What are the prime factors of b?
2, 607
Suppose -261633 + 55226 = -3*a + 5*h, 